 - 4*r - 7. Let n be o(6). Suppose -n = m, -2*v + 4*v - 4*m - 90 = 0. What are the prime factors of v?
5, 7
Suppose 7*j = 3*j. Let p(x) = -x + 3. Let h be p(j). Suppose 0 = 3*v + 5*s - h - 14, -2*s + 23 = 3*v. What are the prime factors of v?
3
Suppose 7*c = 3*c, 3*b - 12 = -4*c. Suppose k - 8 = b. List the prime factors of k.
2, 3
List the prime factors of 1/((-160)/(-52) + -3).
13
Let m = -583 + 948. List the prime factors of m.
5, 73
Let h(q) be the third derivative of q**6/60 + q**5/15 + q**4/12 - q**3/3 + 4*q**2. Let u be h(-2). Let s = 9 + u. List the prime factors of s.
3
Let p = 6 + -2. Let d be 1/((10/(-72))/(-5)). Suppose -45 = -3*r + k - 4*k, -p*r + 4*k + d = 0. What are the prime factors of r?
2, 3
Suppose 4*s - 136 - 212 = -3*d, -4*d + 174 = 2*s. What are the prime factors of s?
3, 29
Suppose -2*n + 132 = 2*n. List the prime factors of n.
3, 11
Let w be (-1)/2*-2 + 3. Suppose w*y = 3*y. Suppose d - 3*a + 7 - 2 = y, 3*a + 5 = 2*d. List the prime factors of d.
2, 5
Suppose -5*i = -4*y - 19, -5*i + 3*y + 21 = 3. Suppose v - d - i = 0, -3*v + 5*d + 15 = -5*v. Suppose 5*p + v*p = 15. List the prime factors of p.
3
Suppose -2*t = -15*t + 273. List the prime factors of t.
3, 7
List the prime factors of -1 - 2 - (1/(-1) - 275).
3, 7, 13
Suppose -20 + 84 = -4*a. Let u = 20 - a. What are the prime factors of u?
2, 3
Let x = 231 - 116. Suppose 13*l - x = 8*l. List the prime factors of l.
23
List the prime factors of (2/4)/((-4)/(-936)).
3, 13
Let t = 18 + -13. Suppose -5*a = -3*v - 15, 5*a - 8 = -t*v + 7. Suppose v = -0*z - 3*z + 9. List the prime factors of z.
3
Let x(z) = 19*z**2 + 2*z - 1. What are the prime factors of x(1)?
2, 5
Suppose -3*k + 3 + 6 = 0. What are the prime factors of (k - 2)*(0 - -11)?
11
Let p(r) be the first derivative of 2*r**3/3 - r**2/2 + 5*r - 8. What are the prime factors of p(4)?
3, 11
Suppose -2*a - 2*o + 37 + 39 = 0, 98 = 3*a - o. List the prime factors of a.
2, 17
Let z be (10*-1 - -2) + -1. Let w = -6 - z. Let t(u) = 2*u**3 - 5*u**2 + 4*u - 2. What are the prime factors of t(w)?
19
Let m(o) = -o**2 + 10*o - 4 - 9 - 5*o + 7*o. List the prime factors of m(9).
2, 7
What are the prime factors of (-1 - 77)*(-8 - (-40)/6)?
2, 13
Suppose -n = -4*i - 38, n = -2*i + 2*n - 20. Let b(q) = -q - 5. List the prime factors of b(i).
2
What are the prime factors of (-4)/(-3)*(-27)/(-2)?
2, 3
Suppose 6*q - 420 - 60 = 0. What are the prime factors of q?
2, 5
Suppose 322 = 60*g - 59*g. What are the prime factors of g?
2, 7, 23
Let l = 82 + -44. What are the prime factors of l?
2, 19
Suppose -3*z + 8*z = 3*j + 5, 3*j - 5 = -5*z. Let t = 15 - 12. Suppose 56 = -j*n + 4*n - t*h, -15 = -n + h. List the prime factors of n.
11
Suppose 5*r - r - j - 183 = 0, 48 = r + 2*j. What are the prime factors of r?
2, 23
Suppose 4*z = 7 - 3. What are the prime factors of -1 - 1*(-7)/z?
2, 3
Let g(p) = -p**2 + 7*p - 5. Suppose 3*n + 3*a - 30 = 0, n = 3*a - 16 + 6. What are the prime factors of g(n)?
5
Let z be (-232)/(-10) - (-2)/(-10). Let q = -12 + z. What are the prime factors of q?
11
Suppose -3*o - q - 32 = 8, 4 = 2*q. Let a(l) = l**3 + 15*l**2 + 12*l - 5. What are the prime factors of a(o)?
23
Suppose -r - 20 = r. Let f(v) = v**3 + 10*v**2 - 2*v - 14. What are the prime factors of f(r)?
2, 3
Let v be (-280)/(-42)*(-12)/10. What are the prime factors of 21/(-28) + (-214)/v?
2, 13
Let u = 71 + -42. List the prime factors of u.
29
Suppose -q + 2 = -1. List the prime factors of 1/q*(14 + 4).
2, 3
Suppose -150 + 744 = 11*w. List the prime factors of w.
2, 3
Let s = -42 + 26. Let a = 34 + s. Let w = a - 12. List the prime factors of w.
2, 3
Let g(w) be the first derivative of 3*w**2 + 1. Let h be 3*3/18*2. What are the prime factors of g(h)?
2, 3
Let x = 7 + -4. Suppose 7 = s - 4*q, x*s = -2*s + 5*q + 20. Let f = s + 4. What are the prime factors of f?
7
Let k = -10 - -52. List the prime factors of k.
2, 3, 7
Let y(p) = -p**2 - 21*p - 2. What are the prime factors of y(-18)?
2, 13
Let y = -12 - -7. Suppose v = -i + 4*v - 3, 21 = 3*i - 3*v. Let a = i + y. List the prime factors of a.
7
Let s(u) = -69*u**3 - u. Let b be s(-1). Suppose -4*r + 58 + b = 0. What are the prime factors of r?
2
Let n be 4 + 4 + (0 - 3). Suppose -j = n - 15. What are the prime factors of j?
2, 5
Let s = 3 - -10. List the prime factors of s.
13
Let d(s) = -8*s + 12. What are the prime factors of d(-4)?
2, 11
Suppose -3*y - 2*y = -l - 989, l = -2*y + 397. Suppose -o = 5*b - y, -3*b - 2*o + 120 = -3. What are the prime factors of b?
3, 13
Let k be 321/(-9) + (-2)/(-3). List the prime factors of (-2)/(-7) + (-235)/k.
7
Let k = 1 - -1. Suppose 0 = n - 5*n - x + 14, k*x = 4. Suppose 0*z - n*z + 6 = 0. List the prime factors of z.
2
Let q(t) = t + 12. List the prime factors of q(10).
2, 11
Suppose -38 = -5*m + 72. What are the prime factors of m?
2, 11
Let f(i) = -4*i + 2. Suppose -2*x - 6 = -0. Let m be f(x). Suppose -m = -k - 3. List the prime factors of k.
11
Suppose k - w = -10, 4*k + 0*k = -w - 60. Let y(c) = 6*c + 3. Let m be y(3). What are the prime factors of (-4)/k - (-99)/m?
5
Suppose 0 = 6*t + 3*t. Let h be (82/(-4))/(1/(-2)). Suppose -4*p + h + 35 = t. What are the prime factors of p?
19
Suppose 4*b = 5*j - 1197, 2*j - 5*j - 3*b + 702 = 0. What are the prime factors of j?
3, 79
What are the prime factors of 2/4 - (-1843)/38?
7
Let l(y) = y**3 + 6*y**2 + 5*y. Let n be l(-5). Let u(h) = -3*h**2 + h**3 - 3 + h + 2 + n. List the prime factors of u(3).
2
Let d(z) = z**2 + z + 3. Let u(h) = -h**3 + 10*h**2 - h + 14. Let f be u(10). Suppose -5 = 3*i + f*n, -7 = 4*i - 0*i + 5*n. What are the prime factors of d(i)?
3
Let r = 149 - 28. What are the prime factors of r?
11
Let p(h) = h + 7. Let i = -19 + 33. Let m = i - 6. What are the prime factors of p(m)?
3, 5
Suppose -2*p = -7*p - 30. Let f be p/(-9) - (-41)/(-3). Let m = f - -24. List the prime factors of m.
11
Suppose 0 = -3*l - 4*n + 33 - 7, l = -5*n + 27. Suppose 0 = l*z - 6 - 28. What are the prime factors of z?
17
Let l(y) = 3*y**2 - 5*y. Let a = 16 + -13. List the prime factors of l(a).
2, 3
Let k = 96 - 10. Let t = k - 54. List the prime factors of t.
2
Let u(q) = 2*q**2 + q + 5. List the prime factors of u(3).
2, 13
Suppose 283 = 4*c + 87. What are the prime factors of c?
7
Let m = 135 - 82. What are the prime factors of m?
53
Suppose -o = 17 - 64. List the prime factors of o.
47
Let o(q) be the first derivative of q**3/3 + 9*q**2/2 - 10*q - 2. List the prime factors of o(-11).
2, 3
Suppose 1 = 3*h - 5. Suppose -h*m + x + 47 = 3*m, 0 = 3*m + 3*x - 39. List the prime factors of m.
2, 5
Suppose -14*p - 316 = -2738. List the prime factors of p.
173
Let v be (-8)/10 + 8/10. Let o = 4 + v. List the prime factors of o.
2
Suppose -2*w - 5*m = -20, 16 = 4*w - 6*m + 4*m. Suppose w*t - 21 = -1. What are the prime factors of t?
2
Suppose -3*w = -4*w + 52. What are the prime factors of w?
2, 13
Let s be (78/15)/(3/45). Let p = s - 48. What are the prime factors of p?
2, 3, 5
Let a be -3 + 42 - (-3 - 0). Let n = 61 - a. What are the prime factors of n?
19
Let r(z) be the third derivative of -z**5/60 - 7*z**4/12 - 5*z**3/6 - z**2. List the prime factors of r(-13).
2
Let s = 18 - -46. List the prime factors of s.
2
Let x = -6 - -11. Let t(g) = -8*g - 3. Let p be t(-3). Suppose 0 = 2*v - p + x. List the prime factors of v.
2
Let n(v) = 2*v - 5. Let m be n(5). Suppose -3*f = 2*z - 41, 71 = m*f + 3*z + 4. What are the prime factors of f?
11
Let c be -7 - (2 + 9/(-3)). Let i be 1/(-1 + c/(-9)). Let s(t) = 2*t**2 + 2*t + 4. What are the prime factors of s(i)?
2
Suppose -4*a + 4*d = -7 + 19, -9 = -4*a - 3*d. Suppose 2*p + 0*p = -u + 13, -3*u + p + 46 = a. List the prime factors of u.
3, 5
Suppose 0 = -3*c + 2*c + 6. Suppose -c*z + 5*z = b - 31, 0 = -2*z + b + 50. What are the prime factors of z?
3
Let q be 2/5 - (-72)/20. Suppose -124 = -4*x + n, 4*x + n - 120 = -q. What are the prime factors of x?
2, 3, 5
Let c = -4 - -4. Suppose c = 4*m - 2 - 6. Suppose 0 = 4*s - 2*o - 50, 18 = s - 2*o - m. What are the prime factors of s?
2, 5
Suppose -3*z + 5*l - 11 = 0, -17 = -z - 4*l + 2. Suppose -2*m = -z - 5. Suppose -m*q + 23 = 5*u - q, 1 = q. List the prime factors of u.
2
Let x(y) = -y**2 - 13*y + 12. Let c be x(-15). Let g = 2 - -1. Let t 